{"id":1523,"date":"2022-01-05T12:11:22","date_gmt":"2022-01-05T17:11:22","guid":{"rendered":"https:\/\/www.gesoltec.com\/?post_type=product&#038;p=1523"},"modified":"2023-05-18T15:37:53","modified_gmt":"2023-05-18T20:37:53","slug":"gafas-devour","status":"publish","type":"product","link":"https:\/\/www.gesoltec.com\/index.php\/producto\/gafas-devour\/","title":{"rendered":"Gafas Devour"},"content":{"rendered":"\t\t<div data-elementor-type=\"wp-post\" data-elementor-id=\"1523\" class=\"elementor elementor-1523\">\n\t\t\t\t\t\t\t\t\t<section class=\"elementor-section elementor-top-section elementor-element elementor-element-5ce593a elementor-section-boxed elementor-section-height-default elementor-section-height-default\" data-id=\"5ce593a\" data-element_type=\"section\">\n\t\t\t\t\t\t<div class=\"elementor-container elementor-column-gap-default\">\n\t\t\t\t\t<div class=\"elementor-column elementor-col-100 elementor-top-column elementor-element elementor-element-9bfdc27\" data-id=\"9bfdc27\" data-element_type=\"column\">\n\t\t\t<div class=\"elementor-widget-wrap elementor-element-populated\">\n\t\t\t\t\t\t\t\t<div class=\"elementor-element elementor-element-a7ebc27 elementor-invisible elementor-widget elementor-widget-text-editor\" data-id=\"a7ebc27\" data-element_type=\"widget\" data-settings=\"{&quot;_animation&quot;:&quot;slideInUp&quot;,&quot;_animation_delay&quot;:9}\" data-widget_type=\"text-editor.default\">\n\t\t\t\t<div class=\"elementor-widget-container\">\n\t\t\t<style>\/*! elementor - v3.13.2 - 11-05-2023 *\/\n.elementor-widget-text-editor.elementor-drop-cap-view-stacked .elementor-drop-cap{background-color:#69727d;color:#fff}.elementor-widget-text-editor.elementor-drop-cap-view-framed .elementor-drop-cap{color:#69727d;border:3px solid;background-color:transparent}.elementor-widget-text-editor:not(.elementor-drop-cap-view-default) .elementor-drop-cap{margin-top:8px}.elementor-widget-text-editor:not(.elementor-drop-cap-view-default) .elementor-drop-cap-letter{width:1em;height:1em}.elementor-widget-text-editor .elementor-drop-cap{float:left;text-align:center;line-height:1;font-size:50px}.elementor-widget-text-editor .elementor-drop-cap-letter{display:inline-block}<\/style>\t\t\t\t<h1 style=\"text-align: center;\"><span style=\"color: #257a39;\"><strong>Gafas Devour<\/strong><\/span><\/h1>\t\t\t\t\t\t<\/div>\n\t\t\t\t<\/div>\n\t\t\t\t\t<\/div>\n\t\t<\/div>\n\t\t\t\t\t\t\t<\/div>\n\t\t<\/section>\n\t\t\t\t<section class=\"elementor-section elementor-top-section elementor-element elementor-element-38471ba elementor-section-boxed elementor-section-height-default elementor-section-height-default\" data-id=\"38471ba\" data-element_type=\"section\">\n\t\t\t\t\t\t<div class=\"elementor-container elementor-column-gap-default\">\n\t\t\t\t\t<div class=\"elementor-column elementor-col-100 elementor-top-column elementor-element elementor-element-cb5a50a\" data-id=\"cb5a50a\" data-element_type=\"column\">\n\t\t\t<div class=\"elementor-widget-wrap elementor-element-populated\">\n\t\t\t\t\t\t\t\t<div class=\"elementor-element elementor-element-29665a0 elementor-invisible elementor-widget elementor-widget-text-editor\" data-id=\"29665a0\" data-element_type=\"widget\" data-settings=\"{&quot;_animation&quot;:&quot;jello&quot;,&quot;_animation_delay&quot;:5}\" data-widget_type=\"text-editor.default\">\n\t\t\t\t<div class=\"elementor-widget-container\">\n\t\t\t\t\t\t\t<p>Siguiendo su l\u00ednea de gafas para deportistas especializados, <strong>Poc<\/strong> ha lanzado recientemente las nuevas <strong>Devour<\/strong>, un modelo pensado para proporcionar una mayor visibilidad, una gran protecci\u00f3n y un excelente confort.<\/p><p>Como las definen sus creadores, un perfecto equilibrio entre las mejores caracter\u00edsticas de las gafas de sol y las m\u00e1scaras.<\/p><p><strong>Las Gafas Devour est\u00e1n compuestas por dos piezas :<\/strong> la lente y la montura.<\/p><p>Juntos, brindan una cobertura y protecci\u00f3n ocular excepcional.<\/p><p>Cuentan con un campo de visi\u00f3n maximizado y un peso m\u00ednimo de 40 g.<\/p><p>La forma de la lente, con una l\u00ednea continua curvada desde el centro hacia los laterales define la forma en que se adaptan a tu rostro, siendo una gran superficie plana con bordes redondeados.<\/p><p>Estas siguen la l\u00ednea caracter\u00edstica de <strong>Poc<\/strong>, con l\u00edneas suaves pero con una superficie m\u00e1s grande que, a pesar de su tama\u00f1o, permite un buen flujo de aire.<\/p><p>La tecnolog\u00eda <strong>Clarity<\/strong> ha permitido optimizar los colores del espectro, resultando en transiciones equilibradas entre luz y sombra.<\/p><p>Las <strong>Gafas Devour Clarity<\/strong> cuentan con protecci\u00f3n Uv 400 y un tratamiento Ri-Pel, que lo protege de la suciedad, el aceite o el agua, as\u00ed como un<strong> recubrimiento antirrayaduras<\/strong>.<\/p><p>Las lentes est\u00e1n disponibles en diferentes tonos y todos los modelos vienen con una lente transparente intercambiable.<\/p><p>De esta forma, puedes utilizarlas en todo tipo de terrenos y condiciones, desde la carretera hasta los senderos de monta\u00f1a.<\/p><p>La pieza nasal y las patillas de las gafas son totalmente ajustables, con lo que facilitan la colocaci\u00f3n en la cabeza y el casco.<\/p><p>Las <strong>gafas de Poc Devour<\/strong> cuentan con un gran campo de visi\u00f3n despejado y sus l\u00edneas continuas suaves sin bordes marcados.<\/p><p>Adem\u00e1s, son f\u00e1cilmente ajustables y c\u00f3modas con lentes que se adaptan a todo tipo de condiciones de iluminaci\u00f3n.<\/p><p>As\u00ed, resultan perfectas para mejorar su rendimiento y le proporcionar\u00e1n la capacidad de reaccionar ante cualquier peligro.<\/p><p>Las <strong>gafas Poc Devour<\/strong> est\u00e1n desarrolladas para un ajuste perfecto con el nuevo <strong>casco Kortal<\/strong>, el modelo <strong>Devour<\/strong> ofrece una protecci\u00f3n similar a la de las gafas, pero con la libertad y la flexibilidad de las gafas de sol.<\/p><p>Con un puente nasal ajustable y patillas totalmente ajustables, incluida la longitud, es f\u00e1cil encontrar un ajuste seguro y c\u00f3modo.<\/p><p>El dise\u00f1o de la montura maximiza la visi\u00f3n perif\u00e9rica y la lente cuenta con la tecnolog\u00eda<strong> Clarity<\/strong> para una visi\u00f3n \u00f3ptima mientras se conduce por los senderos.<\/p><p>Se incluye una lente adicional, transparente, y es f\u00e1cil de intercambiar las lentes para conducir en diferentes condiciones.<\/p><p>Las lentes cuentan con revestimientos <strong>Ripel antisuciedad y antiara\u00f1azos<\/strong> para una visi\u00f3n \u00f3ptima en cada viaje.<\/p><p>Adem\u00e1s, el marco viene en diferentes colores, desde blanco y negro hasta diferentes tonos de azul<\/p><p><strong>Caracter\u00edsticas :<\/strong><\/p><p>&#8211; Categor\u00eda: 2<br \/>&#8211; Gafas de sol adecuadas para la pr\u00e1ctica del Enduro<br \/>&#8211; Pieza nasal ajustable<br \/>&#8211; Patillas ajustables (longitud y agarre)<br \/>&#8211; Lentes claras<br \/>&#8211; Protecci\u00f3n total contra los rayos UV (UV400)<br \/>&#8211; Tratamiento antisuciedad y antiagua Ripel<br \/>&#8211; Tratamiento antirayaduras<br \/>&#8211; Forma para un campo de visi\u00f3n excepcional<br \/>&#8211; Lente intercambiable<br \/>&#8211; Incluye una lente adicional (transparente)<br \/>&#8211; Viene con un pa\u00f1o de pulido<\/p><p><strong>Colores disponibles :<\/strong><\/p><p>Basalight Blue.<br \/>Hydrogen White.<br \/>Lead Blue.<br \/>Moonstone Grey.<br \/>Transparent Crystal.<br \/>Uranium Black.<br \/>Uranium Black Translucent.<\/p>\t\t\t\t\t\t<\/div>\n\t\t\t\t<\/div>\n\t\t\t\t\t<\/div>\n\t\t<\/div>\n\t\t\t\t\t\t\t<\/div>\n\t\t<\/section>\n\t\t\t\t<section class=\"elementor-section elementor-top-section elementor-element elementor-element-66e3d85 elementor-section-boxed elementor-section-height-default elementor-section-height-default\" data-id=\"66e3d85\" data-element_type=\"section\">\n\t\t\t\t\t\t<div class=\"elementor-container elementor-column-gap-default\">\n\t\t\t\t\t<div class=\"elementor-column elementor-col-33 elementor-top-column elementor-element elementor-element-720283a\" data-id=\"720283a\" data-element_type=\"column\">\n\t\t\t<div class=\"elementor-widget-wrap elementor-element-populated\">\n\t\t\t\t\t\t\t\t<div class=\"elementor-element elementor-element-520ba67 elementor-invisible elementor-widget elementor-widget-image\" data-id=\"520ba67\" data-element_type=\"widget\" data-settings=\"{&quot;_animation&quot;:&quot;fadeIn&quot;,&quot;_animation_delay&quot;:4}\" data-widget_type=\"image.default\">\n\t\t\t\t<div class=\"elementor-widget-container\">\n\t\t\t<style>\/*! elementor - v3.13.2 - 11-05-2023 *\/\n.elementor-widget-image{text-align:center}.elementor-widget-image a{display:inline-block}.elementor-widget-image a img[src$=\".svg\"]{width:48px}.elementor-widget-image img{vertical-align:middle;display:inline-block}<\/style>\t\t\t\t\t\t\t\t\t\t\t\t<img decoding=\"async\" src=\"https:\/\/www.gesoltec.com\/wp-content\/uploads\/elementor\/thumbs\/gafas-devour-de-poc-gesolbike-2-pikqor0vuiqzxvwjm35gilov0tzwcut5ezc5jhy9ik.jpg\" title=\"gafas devour de poc gesolbike 2\" alt=\"gafas devour de poc gesolbike 2\" loading=\"lazy\" \/>\t\t\t\t\t\t\t\t\t\t\t\t\t\t\t<\/div>\n\t\t\t\t<\/div>\n\t\t\t\t\t<\/div>\n\t\t<\/div>\n\t\t\t\t<div class=\"elementor-column elementor-col-33 elementor-top-column elementor-element elementor-element-6ff8b2f\" data-id=\"6ff8b2f\" data-element_type=\"column\">\n\t\t\t<div class=\"elementor-widget-wrap elementor-element-populated\">\n\t\t\t\t\t\t\t\t<div class=\"elementor-element elementor-element-f2afa18 elementor-invisible elementor-widget elementor-widget-image\" data-id=\"f2afa18\" data-element_type=\"widget\" data-settings=\"{&quot;_animation&quot;:&quot;fadeIn&quot;,&quot;_animation_delay&quot;:4}\" data-widget_type=\"image.default\">\n\t\t\t\t<div class=\"elementor-widget-container\">\n\t\t\t\t\t\t\t\t\t\t\t\t\t\t\t<img decoding=\"async\" src=\"https:\/\/www.gesoltec.com\/wp-content\/uploads\/elementor\/thumbs\/gafas-devour-de-poc-gesolbike-pikr5pzz8tzdkf92if8yjbih5achc46oezdrhcsd64.jpg\" title=\"gafas devour de poc gesolbike\" alt=\"gafas devour de poc gesolbike\" loading=\"lazy\" \/>\t\t\t\t\t\t\t\t\t\t\t\t\t\t\t<\/div>\n\t\t\t\t<\/div>\n\t\t\t\t\t<\/div>\n\t\t<\/div>\n\t\t\t\t<div class=\"elementor-column elementor-col-33 elementor-top-column elementor-element elementor-element-aad6df6\" data-id=\"aad6df6\" data-element_type=\"column\">\n\t\t\t<div class=\"elementor-widget-wrap elementor-element-populated\">\n\t\t\t\t\t\t\t\t<div class=\"elementor-element elementor-element-d362fe2 elementor-invisible elementor-widget elementor-widget-image\" data-id=\"d362fe2\" data-element_type=\"widget\" data-settings=\"{&quot;_animation&quot;:&quot;fadeIn&quot;,&quot;_animation_delay&quot;:4}\" data-widget_type=\"image.default\">\n\t\t\t\t<div class=\"elementor-widget-container\">\n\t\t\t\t\t\t\t\t\t\t\t\t\t\t\t<img decoding=\"async\" src=\"https:\/\/www.gesoltec.com\/wp-content\/uploads\/elementor\/thumbs\/gafas-devour-de-poc-gesolbike-1-pikr61a1iuetfqsook4hd8o09wsvwhfggj7l8obn3g.jpg\" title=\"gafas devour de poc gesolbike 1\" alt=\"gafas devour de poc gesolbike 1\" loading=\"lazy\" \/>\t\t\t\t\t\t\t\t\t\t\t\t\t\t\t<\/div>\n\t\t\t\t<\/div>\n\t\t\t\t\t<\/div>\n\t\t<\/div>\n\t\t\t\t\t\t\t<\/div>\n\t\t<\/section>\n\t\t\t\t\t\t\t<\/div>\n\t\t","protected":false},"excerpt":{"rendered":"<p>Siguiendo su l\u00ednea de gafas para deportistas especializados,<strong> Poc<\/strong> ha lanzado recientemente las nuevas<strong> Devour<\/strong>, un modelo pensado para proporcionar una mayor visibilidad, una gran protecci\u00f3n y un excelente confort.<\/p>\n","protected":false},"featured_media":1524,"comment_status":"open","ping_status":"closed","template":"","meta":{"_joinchat":[]},"pwb-brand":[39,35],"product_cat":[62],"product_tag":[73,116,74,131,128,130,126,132,98,75],"class_list":["post-1523","product","type-product","status-publish","has-post-thumbnail","hentry","pwb-brand-gesolbike","pwb-brand-poc","product_cat-lentes-ciclismo","product_tag-bogota","product_tag-ciclismo","product_tag-colombia","product_tag-devour","product_tag-gafas","product_tag-gafas-devour","product_tag-lentes","product_tag-mayor-visibilidad","product_tag-poc","product_tag-sur-america"],"brands":[{"id":39,"name":"Gesolbike","slug":"gesolbike"},{"id":35,"name":"Poc","slug":"poc"}],"_links":{"self":[{"href":"https:\/\/www.gesoltec.com\/index.php\/wp-json\/wp\/v2\/product\/1523","targetHints":{"allow":["GET"]}}],"collection":[{"href":"https:\/\/www.gesoltec.com\/index.php\/wp-json\/wp\/v2\/product"}],"about":[{"href":"https:\/\/www.gesoltec.com\/index.php\/wp-json\/wp\/v2\/types\/product"}],"replies":[{"embeddable":true,"href":"https:\/\/www.gesoltec.com\/index.php\/wp-json\/wp\/v2\/comments?post=1523"}],"version-history":[{"count":2,"href":"https:\/\/www.gesoltec.com\/index.php\/wp-json\/wp\/v2\/product\/1523\/revisions"}],"predecessor-version":[{"id":1550,"href":"https:\/\/www.gesoltec.com\/index.php\/wp-json\/wp\/v2\/product\/1523\/revisions\/1550"}],"wp:featuredmedia":[{"embeddable":true,"href":"https:\/\/www.gesoltec.com\/index.php\/wp-json\/wp\/v2\/media\/1524"}],"wp:attachment":[{"href":"https:\/\/www.gesoltec.com\/index.php\/wp-json\/wp\/v2\/media?parent=1523"}],"wp:term":[{"taxonomy":"pwb-brand","embeddable":true,"href":"https:\/\/www.gesoltec.com\/index.php\/wp-json\/wp\/v2\/pwb-brand?post=1523"},{"taxonomy":"product_cat","embeddable":true,"href":"https:\/\/www.gesoltec.com\/index.php\/wp-json\/wp\/v2\/product_cat?post=1523"},{"taxonomy":"product_tag","embeddable":true,"href":"https:\/\/www.gesoltec.com\/index.php\/wp-json\/wp\/v2\/product_tag?post=1523"}],"curies":[{"name":"wp","href":"https:\/\/api.w.org\/{rel}","templated":true}]}}