{"id":1452,"date":"2022-01-05T10:51:32","date_gmt":"2022-01-05T15:51:32","guid":{"rendered":"https:\/\/www.gesoltec.com\/?post_type=product&#038;p=1452"},"modified":"2023-05-18T15:34:11","modified_gmt":"2023-05-18T20:34:11","slug":"gafas-aim","status":"publish","type":"product","link":"https:\/\/www.gesoltec.com\/index.php\/producto\/gafas-aim\/","title":{"rendered":"Gafas Aim"},"content":{"rendered":"\t\t<div data-elementor-type=\"wp-post\" data-elementor-id=\"1452\" class=\"elementor elementor-1452\">\n\t\t\t\t\t\t\t\t\t<section class=\"elementor-section elementor-top-section elementor-element elementor-element-43b9c1f elementor-section-boxed elementor-section-height-default elementor-section-height-default\" data-id=\"43b9c1f\" data-element_type=\"section\">\n\t\t\t\t\t\t<div class=\"elementor-container elementor-column-gap-default\">\n\t\t\t\t\t<div class=\"elementor-column elementor-col-100 elementor-top-column elementor-element elementor-element-c99b2d4\" data-id=\"c99b2d4\" data-element_type=\"column\">\n\t\t\t<div class=\"elementor-widget-wrap elementor-element-populated\">\n\t\t\t\t\t\t\t\t<div class=\"elementor-element elementor-element-dd09e7e elementor-invisible elementor-widget elementor-widget-text-editor\" data-id=\"dd09e7e\" data-element_type=\"widget\" data-settings=\"{&quot;_animation&quot;:&quot;bounceInDown&quot;,&quot;_animation_delay&quot;:7}\" data-widget_type=\"text-editor.default\">\n\t\t\t\t<div class=\"elementor-widget-container\">\n\t\t\t<style>\/*! elementor - v3.13.2 - 11-05-2023 *\/\n.elementor-widget-text-editor.elementor-drop-cap-view-stacked .elementor-drop-cap{background-color:#69727d;color:#fff}.elementor-widget-text-editor.elementor-drop-cap-view-framed .elementor-drop-cap{color:#69727d;border:3px solid;background-color:transparent}.elementor-widget-text-editor:not(.elementor-drop-cap-view-default) .elementor-drop-cap{margin-top:8px}.elementor-widget-text-editor:not(.elementor-drop-cap-view-default) .elementor-drop-cap-letter{width:1em;height:1em}.elementor-widget-text-editor .elementor-drop-cap{float:left;text-align:center;line-height:1;font-size:50px}.elementor-widget-text-editor .elementor-drop-cap-letter{display:inline-block}<\/style>\t\t\t\t<h1 style=\"text-align: center;\"><span style=\"color: #45994f;\"><strong>Gafas Aim<\/strong><\/span><\/h1>\t\t\t\t\t\t<\/div>\n\t\t\t\t<\/div>\n\t\t\t\t\t<\/div>\n\t\t<\/div>\n\t\t\t\t\t\t\t<\/div>\n\t\t<\/section>\n\t\t\t\t<section class=\"elementor-section elementor-top-section elementor-element elementor-element-9fa8184 elementor-section-boxed elementor-section-height-default elementor-section-height-default\" data-id=\"9fa8184\" data-element_type=\"section\">\n\t\t\t\t\t\t<div class=\"elementor-container elementor-column-gap-default\">\n\t\t\t\t\t<div class=\"elementor-column elementor-col-100 elementor-top-column elementor-element elementor-element-65205c0\" data-id=\"65205c0\" data-element_type=\"column\">\n\t\t\t<div class=\"elementor-widget-wrap elementor-element-populated\">\n\t\t\t\t\t\t\t\t<div class=\"elementor-element elementor-element-839018f elementor-invisible elementor-widget elementor-widget-image\" data-id=\"839018f\" data-element_type=\"widget\" data-settings=\"{&quot;_animation&quot;:&quot;rotateIn&quot;,&quot;_animation_delay&quot;:9}\" data-widget_type=\"image.default\">\n\t\t\t\t<div class=\"elementor-widget-container\">\n\t\t\t<style>\/*! elementor - v3.13.2 - 11-05-2023 *\/\n.elementor-widget-image{text-align:center}.elementor-widget-image a{display:inline-block}.elementor-widget-image a img[src$=\".svg\"]{width:48px}.elementor-widget-image img{vertical-align:middle;display:inline-block}<\/style>\t\t\t\t\t\t\t\t\t\t\t\t<img loading=\"lazy\" decoding=\"async\" width=\"522\" height=\"315\" src=\"https:\/\/www.gesoltec.com\/wp-content\/uploads\/2022\/01\/gafas-aim-poc-gesolbike.jpg\" class=\"attachment-large size-large wp-image-1453\" alt=\"gafas aim poc gesolbike\" srcset=\"https:\/\/www.gesoltec.com\/wp-content\/uploads\/2022\/01\/gafas-aim-poc-gesolbike.jpg 522w, https:\/\/www.gesoltec.com\/wp-content\/uploads\/2022\/01\/gafas-aim-poc-gesolbike-300x181.jpg 300w\" sizes=\"auto, (max-width: 522px) 100vw, 522px\" \/>\t\t\t\t\t\t\t\t\t\t\t\t\t\t\t<\/div>\n\t\t\t\t<\/div>\n\t\t\t\t\t<\/div>\n\t\t<\/div>\n\t\t\t\t\t\t\t<\/div>\n\t\t<\/section>\n\t\t\t\t<section class=\"elementor-section elementor-top-section elementor-element elementor-element-3d6d270 elementor-section-boxed elementor-section-height-default elementor-section-height-default\" data-id=\"3d6d270\" data-element_type=\"section\">\n\t\t\t\t\t\t<div class=\"elementor-container elementor-column-gap-default\">\n\t\t\t\t\t<div class=\"elementor-column elementor-col-100 elementor-top-column elementor-element elementor-element-71ead1f\" data-id=\"71ead1f\" data-element_type=\"column\">\n\t\t\t<div class=\"elementor-widget-wrap elementor-element-populated\">\n\t\t\t\t\t\t\t\t<div class=\"elementor-element elementor-element-657db71 elementor-invisible elementor-widget elementor-widget-text-editor\" data-id=\"657db71\" data-element_type=\"widget\" data-settings=\"{&quot;_animation&quot;:&quot;rotateInUpLeft&quot;,&quot;_animation_delay&quot;:7}\" data-widget_type=\"text-editor.default\">\n\t\t\t\t<div class=\"elementor-widget-container\">\n\t\t\t\t\t\t\t<p>Las<strong> gafas de sol Aim<\/strong> cuentan con un protector esf\u00e9rico de gran tama\u00f1o para una cobertura ocular excepcional y maximizan el campo de visi\u00f3n del ciclista: vital cuando se superan los l\u00edmites de la bicicleta.<\/p><p>Adecuadas para ciclismo de ruta y senderos, las gafas de sol Aim incluyen patillas y una pieza nasal ajustable de goma hidr\u00f3fila para garantizar que siempre se asienten firmemente en su lugar.<\/p><p>Los marcos est\u00e1n fabricados con <strong>grilamid<\/strong> para garantizar durabilidad y bajo peso.<\/p><p>Con la tecnolog\u00eda de lentes <strong>Clarity<\/strong> de los l\u00edderes de la industria \u00f3ptica <strong>Carl Zeiss Vision Sunlens<\/strong>, las lentes controlan el espectro de color para mejorar el contraste y la definici\u00f3n del color, por lo que la visi\u00f3n puede mantenerse n\u00edtida en cualquier entorno.<\/p><p>Lente protectora de gran tama\u00f1o<\/p><p>Tecnolog\u00eda de lentes <strong>Clarity<\/strong><\/p><p>El rev\u00f3lver de goma mantiene el agarre incluso cuando est\u00e1 mojado<\/p><p>Montura grilamid ligera y duradera<\/p><p>Protecci\u00f3n UV completa (UV400)<\/p><p>Bisagras a presi\u00f3n<\/p><p>La lente protectora de gran tama\u00f1o presenta la tecnolog\u00eda <strong>Clarity<\/strong> desarrollada en asociaci\u00f3n con el l\u00edder de la industria \u00f3ptica <strong>Carl Zeiss.<\/strong><\/p><p>El marco m\u00ednimo tiene un dise\u00f1o semiabierto sin borde en la parte inferior de la lente, lo que permite un campo de visi\u00f3n m\u00e1s amplio.<\/p><p>Construido con <strong>grilamid<\/strong>, el marco es ligero y muy duradero.<\/p><p>Las bisagras a presi\u00f3n pueden salirse en una ca\u00edda, minimizando el da\u00f1o al marco.<\/p><p>Las patillas y la pieza de la nariz est\u00e1n fabricadas con goma y son totalmente ajustables para un ajuste seguro que no se ve afectado por una actividad intensa.<\/p>\t\t\t\t\t\t<\/div>\n\t\t\t\t<\/div>\n\t\t\t\t\t<\/div>\n\t\t<\/div>\n\t\t\t\t\t\t\t<\/div>\n\t\t<\/section>\n\t\t\t\t\t\t\t<\/div>\n\t\t","protected":false},"excerpt":{"rendered":"<p>Las <strong>gafas de sol Aim<\/strong> cuentan con un protector esf\u00e9rico de gran tama\u00f1o para una cobertura ocular excepcional y maximizan el campo de visi\u00f3n del ciclista: vital cuando se superan los l\u00edmites de la bicicleta.<\/p>\n","protected":false},"featured_media":1453,"comment_status":"open","ping_status":"closed","template":"","meta":{"_joinchat":[]},"pwb-brand":[39,35],"product_cat":[62],"product_tag":[73,74,120,121,75],"class_list":["post-1452","product","type-product","status-publish","has-post-thumbnail","hentry","pwb-brand-gesolbike","pwb-brand-poc","product_cat-lentes-ciclismo","product_tag-bogota","product_tag-colombia","product_tag-gafas-aim","product_tag-patillas-y-una-pieza-nasal-ajustable","product_tag-sur-america"],"brands":[{"id":39,"name":"Gesolbike","slug":"gesolbike"},{"id":35,"name":"Poc","slug":"poc"}],"_links":{"self":[{"href":"https:\/\/www.gesoltec.com\/index.php\/wp-json\/wp\/v2\/product\/1452","targetHints":{"allow":["GET"]}}],"collection":[{"href":"https:\/\/www.gesoltec.com\/index.php\/wp-json\/wp\/v2\/product"}],"about":[{"href":"https:\/\/www.gesoltec.com\/index.php\/wp-json\/wp\/v2\/types\/product"}],"replies":[{"embeddable":true,"href":"https:\/\/www.gesoltec.com\/index.php\/wp-json\/wp\/v2\/comments?post=1452"}],"version-history":[{"count":2,"href":"https:\/\/www.gesoltec.com\/index.php\/wp-json\/wp\/v2\/product\/1452\/revisions"}],"predecessor-version":[{"id":1465,"href":"https:\/\/www.gesoltec.com\/index.php\/wp-json\/wp\/v2\/product\/1452\/revisions\/1465"}],"wp:featuredmedia":[{"embeddable":true,"href":"https:\/\/www.gesoltec.com\/index.php\/wp-json\/wp\/v2\/media\/1453"}],"wp:attachment":[{"href":"https:\/\/www.gesoltec.com\/index.php\/wp-json\/wp\/v2\/media?parent=1452"}],"wp:term":[{"taxonomy":"pwb-brand","embeddable":true,"href":"https:\/\/www.gesoltec.com\/index.php\/wp-json\/wp\/v2\/pwb-brand?post=1452"},{"taxonomy":"product_cat","embeddable":true,"href":"https:\/\/www.gesoltec.com\/index.php\/wp-json\/wp\/v2\/product_cat?post=1452"},{"taxonomy":"product_tag","embeddable":true,"href":"https:\/\/www.gesoltec.com\/index.php\/wp-json\/wp\/v2\/product_tag?post=1452"}],"curies":[{"name":"wp","href":"https:\/\/api.w.org\/{rel}","templated":true}]}}

<div data-elementor-type="wp-post" data-elementor-id="1452" class="elementor elementor-1452">
									<section class="elementor-section elementor-top-section elementor-element elementor-element-43b9c1f elementor-section-boxed elementor-section-height-default elementor-section-height-default" data-id="43b9c1f" data-element_type="section">
						<div class="elementor-container elementor-column-gap-default">
					<div class="elementor-column elementor-col-100 elementor-top-column elementor-element elementor-element-c99b2d4" data-id="c99b2d4" data-element_type="column">
			<div class="elementor-widget-wrap elementor-element-populated">
								<div class="elementor-element elementor-element-dd09e7e elementor-invisible elementor-widget elementor-widget-text-editor" data-id="dd09e7e" data-element_type="widget" data-settings="{&quot;_animation&quot;:&quot;bounceInDown&quot;,&quot;_animation_delay&quot;:7}" data-widget_type="text-editor.default">
				<div class="elementor-widget-container">
			<style>/*! elementor - v3.13.2 - 11-05-2023 */
.elementor-widget-text-editor.elementor-drop-cap-view-stacked .elementor-drop-cap{background-color:#69727d;color:#fff}.elementor-widget-text-editor.elementor-drop-cap-view-framed .elementor-drop-cap{color:#69727d;border:3px solid;background-color:transparent}.elementor-widget-text-editor:not(.elementor-drop-cap-view-default) .elementor-drop-cap{margin-top:8px}.elementor-widget-text-editor:not(.elementor-drop-cap-view-default) .elementor-drop-cap-letter{width:1em;height:1em}.elementor-widget-text-editor .elementor-drop-cap{float:left;text-align:center;line-height:1;font-size:50px}.elementor-widget-text-editor .elementor-drop-cap-letter{display:inline-block}</style>				<h1 style="text-align: center;"><span style="color: #45994f;"><strong>Gafas Aim</strong></span></h1>						</div>
				</div>
					</div>
		</div>
							</div>
		</section>
				<section class="elementor-section elementor-top-section elementor-element elementor-element-9fa8184 elementor-section-boxed elementor-section-height-default elementor-section-height-default" data-id="9fa8184" data-element_type="section">
						<div class="elementor-container elementor-column-gap-default">
					<div class="elementor-column elementor-col-100 elementor-top-column elementor-element elementor-element-65205c0" data-id="65205c0" data-element_type="column">
			<div class="elementor-widget-wrap elementor-element-populated">
								<div class="elementor-element elementor-element-839018f elementor-invisible elementor-widget elementor-widget-image" data-id="839018f" data-element_type="widget" data-settings="{&quot;_animation&quot;:&quot;rotateIn&quot;,&quot;_animation_delay&quot;:9}" data-widget_type="image.default">
				<div class="elementor-widget-container">
			<style>/*! elementor - v3.13.2 - 11-05-2023 */
.elementor-widget-image{text-align:center}.elementor-widget-image a{display:inline-block}.elementor-widget-image a img[src$=".svg"]{width:48px}.elementor-widget-image img{vertical-align:middle;display:inline-block}</style>												<img loading="lazy" decoding="async" width="522" height="315" src="https://www.gesoltec.com/wp-content/uploads/2022/01/gafas-aim-poc-gesolbike.jpg" class="attachment-large size-large wp-image-1453" alt="gafas aim poc gesolbike" srcset="https://www.gesoltec.com/wp-content/uploads/2022/01/gafas-aim-poc-gesolbike.jpg 522w, https://www.gesoltec.com/wp-content/uploads/2022/01/gafas-aim-poc-gesolbike-300x181.jpg 300w" sizes="auto, (max-width: 522px) 100vw, 522px" />															</div>
				</div>
					</div>
		</div>
							</div>
		</section>
				<section class="elementor-section elementor-top-section elementor-element elementor-element-3d6d270 elementor-section-boxed elementor-section-height-default elementor-section-height-default" data-id="3d6d270" data-element_type="section">
						<div class="elementor-container elementor-column-gap-default">
					<div class="elementor-column elementor-col-100 elementor-top-column elementor-element elementor-element-71ead1f" data-id="71ead1f" data-element_type="column">
			<div class="elementor-widget-wrap elementor-element-populated">
								<div class="elementor-element elementor-element-657db71 elementor-invisible elementor-widget elementor-widget-text-editor" data-id="657db71" data-element_type="widget" data-settings="{&quot;_animation&quot;:&quot;rotateInUpLeft&quot;,&quot;_animation_delay&quot;:7}" data-widget_type="text-editor.default">
				<div class="elementor-widget-container">
							<p>Las<strong> gafas de sol Aim</strong> cuentan con un protector esférico de gran tamaño para una cobertura ocular excepcional y maximizan el campo de visión del ciclista: vital cuando se superan los límites de la bicicleta.</p><p>Adecuadas para ciclismo de ruta y senderos, las gafas de sol Aim incluyen patillas y una pieza nasal ajustable de goma hidrófila para garantizar que siempre se asienten firmemente en su lugar.</p><p>Los marcos están fabricados con <strong>grilamid</strong> para garantizar durabilidad y bajo peso.</p><p>Con la tecnología de lentes <strong>Clarity</strong> de los líderes de la industria óptica <strong>Carl Zeiss Vision Sunlens</strong>, las lentes controlan el espectro de color para mejorar el contraste y la definición del color, por lo que la visión puede mantenerse nítida en cualquier entorno.</p><p>Lente protectora de gran tamaño</p><p>Tecnología de lentes <strong>Clarity</strong></p><p>El revólver de goma mantiene el agarre incluso cuando está mojado</p><p>Montura grilamid ligera y duradera</p><p>Protección UV completa (UV400)</p><p>Bisagras a presión</p><p>La lente protectora de gran tamaño presenta la tecnología <strong>Clarity</strong> desarrollada en asociación con el líder de la industria óptica <strong>Carl Zeiss.</strong></p><p>El marco mínimo tiene un diseño semiabierto sin borde en la parte inferior de la lente, lo que permite un campo de visión más amplio.</p><p>Construido con <strong>grilamid</strong>, el marco es ligero y muy duradero.</p><p>Las bisagras a presión pueden salirse en una caída, minimizando el daño al marco.</p><p>Las patillas y la pieza de la nariz están fabricadas con goma y son totalmente ajustables para un ajuste seguro que no se ve afectado por una actividad intensa.</p>						</div>
				</div>
					</div>
		</div>
							</div>
		</section>
							</div>

<p>Las <strong>gafas de sol Aim</strong> cuentan con un protector esférico de gran tamaño para una cobertura ocular excepcional y maximizan el campo de visión del ciclista: vital cuando se superan los límites de la bicicleta.</p>
