{"id":1064,"date":"2021-12-27T17:47:05","date_gmt":"2021-12-27T22:47:05","guid":{"rendered":"https:\/\/www.gesoltec.com\/?post_type=product&#038;p=1064"},"modified":"2023-05-18T15:17:51","modified_gmt":"2023-05-18T20:17:51","slug":"cascos-wasabi","status":"publish","type":"product","link":"https:\/\/www.gesoltec.com\/index.php\/producto\/cascos-wasabi\/","title":{"rendered":"Cascos Wasabi"},"content":{"rendered":"\t\t<div data-elementor-type=\"wp-post\" data-elementor-id=\"1064\" class=\"elementor elementor-1064\">\n\t\t\t\t\t\t\t\t\t<section class=\"elementor-section elementor-top-section elementor-element elementor-element-21bcd75 elementor-section-boxed elementor-section-height-default elementor-section-height-default\" data-id=\"21bcd75\" data-element_type=\"section\">\n\t\t\t\t\t\t<div class=\"elementor-container elementor-column-gap-default\">\n\t\t\t\t\t<div class=\"elementor-column elementor-col-100 elementor-top-column elementor-element elementor-element-3276223\" data-id=\"3276223\" data-element_type=\"column\">\n\t\t\t<div class=\"elementor-widget-wrap elementor-element-populated\">\n\t\t\t\t\t\t\t\t<div class=\"elementor-element elementor-element-4e72b67 elementor-invisible elementor-widget elementor-widget-text-editor\" data-id=\"4e72b67\" data-element_type=\"widget\" data-settings=\"{&quot;_animation&quot;:&quot;fadeInRight&quot;,&quot;_animation_delay&quot;:8}\" data-widget_type=\"text-editor.default\">\n\t\t\t\t<div class=\"elementor-widget-container\">\n\t\t\t<style>\/*! elementor - v3.13.2 - 11-05-2023 *\/\n.elementor-widget-text-editor.elementor-drop-cap-view-stacked .elementor-drop-cap{background-color:#69727d;color:#fff}.elementor-widget-text-editor.elementor-drop-cap-view-framed .elementor-drop-cap{color:#69727d;border:3px solid;background-color:transparent}.elementor-widget-text-editor:not(.elementor-drop-cap-view-default) .elementor-drop-cap{margin-top:8px}.elementor-widget-text-editor:not(.elementor-drop-cap-view-default) .elementor-drop-cap-letter{width:1em;height:1em}.elementor-widget-text-editor .elementor-drop-cap{float:left;text-align:center;line-height:1;font-size:50px}.elementor-widget-text-editor .elementor-drop-cap-letter{display:inline-block}<\/style>\t\t\t\t<h1 style=\"text-align: center;\"><span style=\"color: #3fa13d;\"><strong>Cascos Wasabi<\/strong><\/span><\/h1>\t\t\t\t\t\t<\/div>\n\t\t\t\t<\/div>\n\t\t\t\t\t<\/div>\n\t\t<\/div>\n\t\t\t\t\t\t\t<\/div>\n\t\t<\/section>\n\t\t\t\t<section class=\"elementor-section elementor-top-section elementor-element elementor-element-895a900 elementor-section-boxed elementor-section-height-default elementor-section-height-default\" data-id=\"895a900\" data-element_type=\"section\">\n\t\t\t\t\t\t<div class=\"elementor-container elementor-column-gap-default\">\n\t\t\t\t\t<div class=\"elementor-column elementor-col-100 elementor-top-column elementor-element elementor-element-12f1cdd\" data-id=\"12f1cdd\" data-element_type=\"column\">\n\t\t\t<div class=\"elementor-widget-wrap elementor-element-populated\">\n\t\t\t\t\t\t\t\t<div class=\"elementor-element elementor-element-1e6fa04 elementor-invisible elementor-widget elementor-widget-text-editor\" data-id=\"1e6fa04\" data-element_type=\"widget\" data-settings=\"{&quot;_animation&quot;:&quot;bounce&quot;,&quot;_animation_delay&quot;:6}\" data-widget_type=\"text-editor.default\">\n\t\t\t\t<div class=\"elementor-widget-container\">\n\t\t\t\t\t\t\t<p>El Wasabi le asegura una regulaci\u00f3n t\u00e9rmica que ning\u00fan otro casco le proporcionar\u00e1 gracias a su sistema de ventilaci\u00f3n ajustable. <\/p><p>Con un simple gesto con el dedo, podr\u00e1 abrir una entrada de aire central ante temperaturas altas as\u00ed como cerrarla en condiciones m\u00e1s fr\u00edas, lo que le proporcionar\u00e1 un incremento de 1,5 \u00b0C de la temperatura interior a la misma velocidad. <\/p><p>Las pruebas en t\u00fanel de viento confirman que la diferencia entre cerrar y abrir la entrada de ventilaci\u00f3n era de menos de un vatio a una velocidad de 50 km\/h. <\/p><p>Estas caracter\u00edsticas aerodin\u00e1micas y de ventilaci\u00f3n, junto con su interior de lana merino de alta calidad de reda que le proteger\u00e1 contra los cambios de temperatura, hacen que el Wasabi est\u00e9 en otro nivel.<\/p><p>Un casco para ciclistas los 365 d\u00edas del a\u00f1o. <\/p><p>Wasabi es un casco profesional de ciclismo dise\u00f1ado para las cuatro estaciones del a\u00f1o y que proporciona total libertad para escoger entre carretera, gravel o ciclocross. <\/p><p>Un casco que permite al ciclista controlar y regular la temperatura con una entrada de aire ajustable para proporcionar una comodidad y termorregulaci\u00f3n personalizadas. <\/p><p>Esta funci\u00f3n, combinada con su interior de lana merino de Reda (con su caracter\u00edstico estilo italiano) y con un perfil aerodin\u00e1mico, hace del Wasabi el \u00fanico casco con el que querr\u00e1 montar en bici.<\/p><p><strong>Sistema de ajuste octo fit<\/strong><\/p><p>El microdial de goma del regulador mejora su agarre con los dedos. <\/p><p>Los puntos de contacto de la estructura flotante combinan almohadillas de gel interiores para aportar una \u00f3ptima comodidad. <\/p><p>Estos soportes est\u00e1n dise\u00f1ados para girar libremente en un \u00e1ngulo de 180\u00ba, lo que permite que el casco se adapte perfectamente a todas las formas de cabeza. <\/p><p>Las sujeciones ranuradas de la estructura se han dise\u00f1ado y mejorado para proporcionar un ajuste y una sujeci\u00f3n \u00f3ptimos, pero con la m\u00e1xima ligereza posible.<\/p><p><strong>Sistema de ventilaci\u00f2n activa<\/strong><\/p><p>El sistema de ventilaci\u00f3n activo integrado en el casco permite una mejor refrigeraci\u00f3n.<\/p><p>Usando la palanca en la parte trasera, la cantidad de flujo de aire se puede ajustar para adaptarse a las necesidades del ciclista. <\/p><p>Este nuevo sistema de ventilaci\u00f3n, combinado con tejidos interiores transpirables, mejora el confort fisiol\u00f3gico del ciclista.<\/p><p><strong>Alta visibilidad<\/strong><\/p><p>Adhesivos de alta visibilidad para ofrecer m\u00e1xima seguridad incluso en condiciones de visibilidad reducida.<\/p><p><strong>Forro 100% Lana Merino de Reda<\/strong><\/p><p>Gracias a las propiedades de la lana Merino y a la exclusiva tecnolog\u00eda <strong>Kask Reda<\/strong>, el acolchado interno proporciona una comodidad inigualable. <\/p><p>Cuando entra en contacto con la piel, la lana merino ayuda a estabilizar la temperatura corporal, asegura una alta transpirabilidad y se seca r\u00e1pidamente.<\/p><p>Peso 290g<\/p><p><strong>Ventilaci\u00f3n :<\/strong> aerodin\u00e1mica<\/p><p><strong>Est\u00e1ndares :<\/strong> Ce en 1078, Cpsc 1203, As\/Nzs 2063 Msrp<\/p><p><strong>Tallas :<\/strong> Peque\u00f1as, Medianas, Grandes<\/p>\t\t\t\t\t\t<\/div>\n\t\t\t\t<\/div>\n\t\t\t\t\t<\/div>\n\t\t<\/div>\n\t\t\t\t\t\t\t<\/div>\n\t\t<\/section>\n\t\t\t\t<section class=\"elementor-section elementor-top-section elementor-element elementor-element-a71f406 elementor-section-boxed elementor-section-height-default elementor-section-height-default\" data-id=\"a71f406\" data-element_type=\"section\">\n\t\t\t\t\t\t<div class=\"elementor-container elementor-column-gap-default\">\n\t\t\t\t\t<div class=\"elementor-column elementor-col-50 elementor-top-column elementor-element elementor-element-4c6da40\" data-id=\"4c6da40\" data-element_type=\"column\">\n\t\t\t<div class=\"elementor-widget-wrap elementor-element-populated\">\n\t\t\t\t\t\t\t\t<div class=\"elementor-element elementor-element-4b50da4 elementor-invisible elementor-widget elementor-widget-image\" data-id=\"4b50da4\" data-element_type=\"widget\" data-settings=\"{&quot;_animation&quot;:&quot;slideInLeft&quot;,&quot;_animation_delay&quot;:4}\" data-widget_type=\"image.default\">\n\t\t\t\t<div class=\"elementor-widget-container\">\n\t\t\t<style>\/*! elementor - v3.13.2 - 11-05-2023 *\/\n.elementor-widget-image{text-align:center}.elementor-widget-image a{display:inline-block}.elementor-widget-image a img[src$=\".svg\"]{width:48px}.elementor-widget-image img{vertical-align:middle;display:inline-block}<\/style>\t\t\t\t\t\t\t\t\t\t\t\t<img loading=\"lazy\" decoding=\"async\" width=\"600\" height=\"600\" src=\"https:\/\/www.gesoltec.com\/wp-content\/uploads\/2021\/12\/Kask-wasabi-gesolbike.jpg\" class=\"attachment-large size-large wp-image-1065\" alt=\"Kask wasabi gesolbike\" srcset=\"https:\/\/www.gesoltec.com\/wp-content\/uploads\/2021\/12\/Kask-wasabi-gesolbike.jpg 600w, https:\/\/www.gesoltec.com\/wp-content\/uploads\/2021\/12\/Kask-wasabi-gesolbike-300x300.jpg 300w, https:\/\/www.gesoltec.com\/wp-content\/uploads\/2021\/12\/Kask-wasabi-gesolbike-150x150.jpg 150w, https:\/\/www.gesoltec.com\/wp-content\/uploads\/2021\/12\/Kask-wasabi-gesolbike-100x100.jpg 100w\" sizes=\"auto, (max-width: 600px) 100vw, 600px\" \/>\t\t\t\t\t\t\t\t\t\t\t\t\t\t\t<\/div>\n\t\t\t\t<\/div>\n\t\t\t\t\t<\/div>\n\t\t<\/div>\n\t\t\t\t<div class=\"elementor-column elementor-col-50 elementor-top-column elementor-element elementor-element-f4f2cc3\" data-id=\"f4f2cc3\" data-element_type=\"column\">\n\t\t\t<div class=\"elementor-widget-wrap elementor-element-populated\">\n\t\t\t\t\t\t\t\t<div class=\"elementor-element elementor-element-1676335 elementor-invisible elementor-widget elementor-widget-image\" data-id=\"1676335\" data-element_type=\"widget\" data-settings=\"{&quot;_animation&quot;:&quot;slideInLeft&quot;,&quot;_animation_delay&quot;:4}\" data-widget_type=\"image.default\">\n\t\t\t\t<div class=\"elementor-widget-container\">\n\t\t\t\t\t\t\t\t\t\t\t\t\t\t\t<img loading=\"lazy\" decoding=\"async\" width=\"588\" height=\"313\" src=\"https:\/\/www.gesoltec.com\/wp-content\/uploads\/2021\/12\/Kask-wasabi-1-gesolbike.jpg\" class=\"attachment-large size-large wp-image-1076\" alt=\"Kask wasabi 1 gesolbike\" srcset=\"https:\/\/www.gesoltec.com\/wp-content\/uploads\/2021\/12\/Kask-wasabi-1-gesolbike.jpg 588w, https:\/\/www.gesoltec.com\/wp-content\/uploads\/2021\/12\/Kask-wasabi-1-gesolbike-300x160.jpg 300w\" sizes=\"auto, (max-width: 588px) 100vw, 588px\" \/>\t\t\t\t\t\t\t\t\t\t\t\t\t\t\t<\/div>\n\t\t\t\t<\/div>\n\t\t\t\t\t<\/div>\n\t\t<\/div>\n\t\t\t\t\t\t\t<\/div>\n\t\t<\/section>\n\t\t\t\t\t\t\t<\/div>\n\t\t","protected":false},"excerpt":{"rendered":"<p>El Wasabi le asegura una regulaci\u00f3n t\u00e9rmica que ning\u00fan otro casco le proporcionar\u00e1 gracias a su sistema de ventilaci\u00f3n ajustable.<\/p>\n","protected":false},"featured_media":1065,"comment_status":"open","ping_status":"closed","template":"","meta":{"_joinchat":[]},"pwb-brand":[39,34],"product_cat":[15],"product_tag":[73,86,74,87,75,88],"class_list":["post-1064","product","type-product","status-publish","has-post-thumbnail","hentry","pwb-brand-gesolbike","pwb-brand-kask","product_cat-cascos-para-bicicleta","product_tag-bogota","product_tag-cascos-wasabi","product_tag-colombia","product_tag-regulacion-termica","product_tag-sur-america","product_tag-ventilacion-ajustable"],"brands":[{"id":39,"name":"Gesolbike","slug":"gesolbike"},{"id":34,"name":"Kask","slug":"kask"}],"_links":{"self":[{"href":"https:\/\/www.gesoltec.com\/index.php\/wp-json\/wp\/v2\/product\/1064","targetHints":{"allow":["GET"]}}],"collection":[{"href":"https:\/\/www.gesoltec.com\/index.php\/wp-json\/wp\/v2\/product"}],"about":[{"href":"https:\/\/www.gesoltec.com\/index.php\/wp-json\/wp\/v2\/types\/product"}],"replies":[{"embeddable":true,"href":"https:\/\/www.gesoltec.com\/index.php\/wp-json\/wp\/v2\/comments?post=1064"}],"version-history":[{"count":2,"href":"https:\/\/www.gesoltec.com\/index.php\/wp-json\/wp\/v2\/product\/1064\/revisions"}],"predecessor-version":[{"id":1816,"href":"https:\/\/www.gesoltec.com\/index.php\/wp-json\/wp\/v2\/product\/1064\/revisions\/1816"}],"wp:featuredmedia":[{"embeddable":true,"href":"https:\/\/www.gesoltec.com\/index.php\/wp-json\/wp\/v2\/media\/1065"}],"wp:attachment":[{"href":"https:\/\/www.gesoltec.com\/index.php\/wp-json\/wp\/v2\/media?parent=1064"}],"wp:term":[{"taxonomy":"pwb-brand","embeddable":true,"href":"https:\/\/www.gesoltec.com\/index.php\/wp-json\/wp\/v2\/pwb-brand?post=1064"},{"taxonomy":"product_cat","embeddable":true,"href":"https:\/\/www.gesoltec.com\/index.php\/wp-json\/wp\/v2\/product_cat?post=1064"},{"taxonomy":"product_tag","embeddable":true,"href":"https:\/\/www.gesoltec.com\/index.php\/wp-json\/wp\/v2\/product_tag?post=1064"}],"curies":[{"name":"wp","href":"https:\/\/api.w.org\/{rel}","templated":true}]}}