{"id":1020,"date":"2021-12-25T10:44:40","date_gmt":"2021-12-25T15:44:40","guid":{"rendered":"https:\/\/www.gesoltec.com\/?post_type=product&#038;p=1020"},"modified":"2023-05-18T15:15:52","modified_gmt":"2023-05-18T20:15:52","slug":"dekati-mpec","status":"publish","type":"product","link":"https:\/\/www.gesoltec.com\/index.php\/producto\/dekati-mpec\/","title":{"rendered":"Dekati Mpec +"},"content":{"rendered":"\t\t<div data-elementor-type=\"wp-post\" data-elementor-id=\"1020\" class=\"elementor elementor-1020\">\n\t\t\t\t\t\t\t\t\t<section class=\"elementor-section elementor-top-section elementor-element elementor-element-44070a9 elementor-section-boxed elementor-section-height-default elementor-section-height-default\" data-id=\"44070a9\" data-element_type=\"section\">\n\t\t\t\t\t\t<div class=\"elementor-container elementor-column-gap-default\">\n\t\t\t\t\t<div class=\"elementor-column elementor-col-100 elementor-top-column elementor-element elementor-element-8bdd258\" data-id=\"8bdd258\" data-element_type=\"column\">\n\t\t\t<div class=\"elementor-widget-wrap elementor-element-populated\">\n\t\t\t\t\t\t\t\t<div class=\"elementor-element elementor-element-b6c4fa2 elementor-invisible elementor-widget elementor-widget-text-editor\" data-id=\"b6c4fa2\" data-element_type=\"widget\" data-settings=\"{&quot;_animation&quot;:&quot;fadeInDown&quot;,&quot;_animation_delay&quot;:7}\" data-widget_type=\"text-editor.default\">\n\t\t\t\t<div class=\"elementor-widget-container\">\n\t\t\t<style>\/*! elementor - v3.13.2 - 11-05-2023 *\/\n.elementor-widget-text-editor.elementor-drop-cap-view-stacked .elementor-drop-cap{background-color:#69727d;color:#fff}.elementor-widget-text-editor.elementor-drop-cap-view-framed .elementor-drop-cap{color:#69727d;border:3px solid;background-color:transparent}.elementor-widget-text-editor:not(.elementor-drop-cap-view-default) .elementor-drop-cap{margin-top:8px}.elementor-widget-text-editor:not(.elementor-drop-cap-view-default) .elementor-drop-cap-letter{width:1em;height:1em}.elementor-widget-text-editor .elementor-drop-cap{float:left;text-align:center;line-height:1;font-size:50px}.elementor-widget-text-editor .elementor-drop-cap-letter{display:inline-block}<\/style>\t\t\t\t<h1 style=\"text-align: center;\"><span style=\"color: #4fab61;\"><strong>Dekati\u00ae Mpec + \u2122<\/strong><\/span><\/h1>\t\t\t\t\t\t<\/div>\n\t\t\t\t<\/div>\n\t\t\t\t\t<\/div>\n\t\t<\/div>\n\t\t\t\t\t\t\t<\/div>\n\t\t<\/section>\n\t\t\t\t<section class=\"elementor-section elementor-top-section elementor-element elementor-element-68ba707 elementor-section-boxed elementor-section-height-default elementor-section-height-default\" data-id=\"68ba707\" data-element_type=\"section\">\n\t\t\t\t\t\t<div class=\"elementor-container elementor-column-gap-default\">\n\t\t\t\t\t<div class=\"elementor-column elementor-col-100 elementor-top-column elementor-element elementor-element-c5c2198\" data-id=\"c5c2198\" data-element_type=\"column\">\n\t\t\t<div class=\"elementor-widget-wrap elementor-element-populated\">\n\t\t\t\t\t\t\t\t<div class=\"elementor-element elementor-element-e22b92a elementor-invisible elementor-widget elementor-widget-text-editor\" data-id=\"e22b92a\" data-element_type=\"widget\" data-settings=\"{&quot;_animation&quot;:&quot;fadeInRight&quot;,&quot;_animation_delay&quot;:6}\" data-widget_type=\"text-editor.default\">\n\t\t\t\t<div class=\"elementor-widget-container\">\n\t\t\t\t\t\t\t<p>El nuevo <strong>Dekati\u00ae Mpec +<\/strong> \u2122 (contador de emisi\u00f3n de part\u00edculas m\u00f3vil) es un instrumento compacto y port\u00e1til para mediciones sencillas de Pn-Pems a bordo.<\/p><p>En el n\u00facleo del Mpec + \u2122 se encuentra la tecnolog\u00eda de conteo de part\u00edculas patentada Dekati\u00ae ePNC \u2122, que se ha optimizado a\u00fan m\u00e1s para mediciones r\u00e1pidas de emisiones transitorias.<\/p><p>El <strong>Mpec + \u2122<\/strong> es el dispositivo de elecci\u00f3n para pruebas Pn-Pems de alta precisi\u00f3n de acuerdo con los requisitos de Rde.<\/p><p>El <strong>Dekati\u00ae Mpec + \u2122<\/strong> ha sido probado y verificado exhaustivamente en algunas de las condiciones clim\u00e1ticas y de conducci\u00f3n m\u00e1s duras para garantizar que siempre ofrezca un rendimiento de medici\u00f3n excelente.<\/p><p>El sistema <strong>Mpec + \u2122<\/strong> consta del contador de part\u00edculas Dekati\u00ae epnc \u2122 combinado con un sistema de acondicionamiento de muestras que permite la conexi\u00f3n directa a los gases de escape sin procesar.<\/p><p>La innovadora tecnolog\u00eda de conteo de part\u00edculas Dekati\u00ae epnc \u2122 se basa en la carga por difusi\u00f3n, la recolecci\u00f3n de part\u00edculas por difusi\u00f3n y la detecci\u00f3n el\u00e9ctrica de las part\u00edculas recolectadas.<\/p><p>Su funcionamiento patentado de baja presi\u00f3n proporciona una se\u00f1al de corriente el\u00e9ctrica que es directamente proporcional a la concentraci\u00f3n del n\u00famero de part\u00edculas (PN).<\/p><p>Para prop\u00f3sitos de Rde, el epnc \u2122 se ha mejorado a\u00fan m\u00e1s para medir con precisi\u00f3n la concentraci\u00f3n de part\u00edculas de escape en condiciones transitorias.<\/p><p><strong>Caracter\u00edsticas del Mpec + \u2122<\/strong><\/p><p>Sistema completo para mediciones de Pn de gases de escape del motor a bordo \/ Pems<br \/>Rendimiento de medici\u00f3n de Pn de acuerdo con Euro 6 Rde (Directiva Ue Rde 2017\/1154)<br \/>Recuento de part\u00edculas con Dekati\u00ae epnc \u2122 combinado con un sistema de acondicionamiento de muestras<br \/>Respuesta r\u00e1pida en tiempo<br \/>Frecuencia de muestreo de hasta 10 Hz<br \/>Aceler\u00f3metro integrado<br \/>Bajo consumo de energ\u00eda, fuente de alimentaci\u00f3n est\u00e1ndar de 230 VCA, con 24 VCC como opci\u00f3n<br \/>Interfaz y monitoreo integrados para l\u00ednea de muestreo calentada<br \/>Disponibilidad para hasta 2 entradas de termopar<br \/>Entrada para disparador de se\u00f1al de voltaje externo para iniciar \/ detener mediciones<br \/>Separador de agua exclusivo de baja p\u00e9rdida con elemento calefactor opcional para uso en condiciones de clima fr\u00edo<br \/>Interfaz de usuario sencilla<br \/>Estructura robusta y resistente<br \/>Mantenimiento y servicio sencillos<br \/>Ranura Usb-C para interfaz de datos y comunicaci\u00f3n y ranura Usb-A para tarjeta de memoria externa<\/p><p><strong>Aplicaciones<\/strong><\/p><p>Medici\u00f3n de emisiones de part\u00edculas s\u00f3lidas de veh\u00edculos en uso en el mundo real (mediciones Rde)<br \/>Pems \/ Mediciones de emisiones de veh\u00edculos a bordo<br \/>ISO8178-1 mediciones de Pn de gases de escape de veh\u00edculos y motores todoterreno<br \/>Medidas de emisi\u00f3n de Pn de aeronaves<br \/>Mediciones de emisiones Pn de motores marinos<\/p>\t\t\t\t\t\t<\/div>\n\t\t\t\t<\/div>\n\t\t\t\t\t<\/div>\n\t\t<\/div>\n\t\t\t\t\t\t\t<\/div>\n\t\t<\/section>\n\t\t\t\t<section class=\"elementor-section elementor-top-section elementor-element elementor-element-4448f18 elementor-section-boxed elementor-section-height-default elementor-section-height-default\" data-id=\"4448f18\" data-element_type=\"section\">\n\t\t\t\t\t\t<div class=\"elementor-container elementor-column-gap-default\">\n\t\t\t\t\t<div class=\"elementor-column elementor-col-100 elementor-top-column elementor-element elementor-element-f09725a\" data-id=\"f09725a\" data-element_type=\"column\">\n\t\t\t<div class=\"elementor-widget-wrap elementor-element-populated\">\n\t\t\t\t\t\t\t\t<div class=\"elementor-element elementor-element-53f04d7 elementor-invisible elementor-widget elementor-widget-image\" data-id=\"53f04d7\" data-element_type=\"widget\" data-settings=\"{&quot;_animation&quot;:&quot;rotateInUpRight&quot;,&quot;_animation_delay&quot;:5}\" data-widget_type=\"image.default\">\n\t\t\t\t<div class=\"elementor-widget-container\">\n\t\t\t<style>\/*! elementor - v3.13.2 - 11-05-2023 *\/\n.elementor-widget-image{text-align:center}.elementor-widget-image a{display:inline-block}.elementor-widget-image a img[src$=\".svg\"]{width:48px}.elementor-widget-image img{vertical-align:middle;display:inline-block}<\/style>\t\t\t\t\t\t\t\t\t\t\t\t<img loading=\"lazy\" decoding=\"async\" width=\"600\" height=\"600\" src=\"https:\/\/www.gesoltec.com\/wp-content\/uploads\/2021\/12\/Dekati-Mpec-gesoltec.png\" class=\"attachment-large size-large wp-image-1021\" alt=\"Dekati Mpec gesoltec\" srcset=\"https:\/\/www.gesoltec.com\/wp-content\/uploads\/2021\/12\/Dekati-Mpec-gesoltec.png 600w, https:\/\/www.gesoltec.com\/wp-content\/uploads\/2021\/12\/Dekati-Mpec-gesoltec-300x300.png 300w, https:\/\/www.gesoltec.com\/wp-content\/uploads\/2021\/12\/Dekati-Mpec-gesoltec-150x150.png 150w, https:\/\/www.gesoltec.com\/wp-content\/uploads\/2021\/12\/Dekati-Mpec-gesoltec-100x100.png 100w\" sizes=\"auto, (max-width: 600px) 100vw, 600px\" \/>\t\t\t\t\t\t\t\t\t\t\t\t\t\t\t<\/div>\n\t\t\t\t<\/div>\n\t\t\t\t\t<\/div>\n\t\t<\/div>\n\t\t\t\t\t\t\t<\/div>\n\t\t<\/section>\n\t\t\t\t\t\t\t<\/div>\n\t\t","protected":false},"excerpt":{"rendered":"<p>El nuevo <strong>Dekati\u00ae Mpec + \u2122<\/strong> (contador de emisi\u00f3n de part\u00edculas m\u00f3vil) es un instrumento compacto y port\u00e1til para mediciones sencillas de Pn-Pems a bordo.<\/p>\n<p>En el n\u00facleo del Mpec + \u2122 se encuentra la tecnolog\u00eda de conteo de part\u00edculas patentada Dekati\u00ae ePNC \u2122, que se ha optimizado a\u00fan m\u00e1s para mediciones r\u00e1pidas de emisiones transitorias.<\/p>\n","protected":false},"featured_media":1021,"comment_status":"open","ping_status":"closed","template":"","meta":{"_joinchat":[]},"pwb-brand":[32,38],"product_cat":[81],"product_tag":[73,74,83,82,75],"class_list":["post-1020","product","type-product","status-publish","has-post-thumbnail","hentry","pwb-brand-dekati","pwb-brand-gesoltec","product_cat-medio-ambiente","product_tag-bogota","product_tag-colombia","product_tag-contador-de-emision-de-particulas-movil","product_tag-dekati-mpec","product_tag-sur-america"],"brands":[{"id":32,"name":"Dekati","slug":"dekati"},{"id":38,"name":"Gesoltec","slug":"gesoltec"}],"_links":{"self":[{"href":"https:\/\/www.gesoltec.com\/index.php\/wp-json\/wp\/v2\/product\/1020","targetHints":{"allow":["GET"]}}],"collection":[{"href":"https:\/\/www.gesoltec.com\/index.php\/wp-json\/wp\/v2\/product"}],"about":[{"href":"https:\/\/www.gesoltec.com\/index.php\/wp-json\/wp\/v2\/types\/product"}],"replies":[{"embeddable":true,"href":"https:\/\/www.gesoltec.com\/index.php\/wp-json\/wp\/v2\/comments?post=1020"}],"version-history":[{"count":2,"href":"https:\/\/www.gesoltec.com\/index.php\/wp-json\/wp\/v2\/product\/1020\/revisions"}],"predecessor-version":[{"id":1037,"href":"https:\/\/www.gesoltec.com\/index.php\/wp-json\/wp\/v2\/product\/1020\/revisions\/1037"}],"wp:featuredmedia":[{"embeddable":true,"href":"https:\/\/www.gesoltec.com\/index.php\/wp-json\/wp\/v2\/media\/1021"}],"wp:attachment":[{"href":"https:\/\/www.gesoltec.com\/index.php\/wp-json\/wp\/v2\/media?parent=1020"}],"wp:term":[{"taxonomy":"pwb-brand","embeddable":true,"href":"https:\/\/www.gesoltec.com\/index.php\/wp-json\/wp\/v2\/pwb-brand?post=1020"},{"taxonomy":"product_cat","embeddable":true,"href":"https:\/\/www.gesoltec.com\/index.php\/wp-json\/wp\/v2\/product_cat?post=1020"},{"taxonomy":"product_tag","embeddable":true,"href":"https:\/\/www.gesoltec.com\/index.php\/wp-json\/wp\/v2\/product_tag?post=1020"}],"curies":[{"name":"wp","href":"https:\/\/api.w.org\/{rel}","templated":true}]}}